{"id":2012,"date":"2024-01-24T09:24:21","date_gmt":"2024-01-24T08:24:21","guid":{"rendered":"https:\/\/asociacionwawitai.org\/?page_id=2012"},"modified":"2025-01-04T19:26:29","modified_gmt":"2025-01-04T18:26:29","slug":"ideario","status":"publish","type":"page","link":"https:\/\/asociacionwawitai.org\/?page_id=2012","title":{"rendered":"IDEARIO"},"content":{"rendered":"\n<div class=\"wp-block-uagb-container uagb-block-ad56ba49 alignfull uagb-is-root-container\"><div class=\"uagb-container-inner-blocks-wrap\">\n<div class=\"wp-block-uagb-advanced-heading uagb-block-89536b24\"><h1 class=\"uagb-heading-text\">\u00bfPor qu\u00e9 WAWITAI&#8230;?<\/h1><\/div>\n<\/div><\/div>\n\n\n\n<div class=\"wp-block-uagb-container uagb-block-4e099b58 alignfull uagb-is-root-container\"><div class=\"uagb-container-inner-blocks-wrap\">\n<div class=\"wp-block-uagb-container uagb-block-2d6bc1e5\">\n<div class=\"wp-block-uagb-container uagb-block-ff018130\">\n<p class=\"has-ast-global-color-0-color has-text-color has-link-color has-medium-font-size wp-elements-0e07ace78511bb5b30454bd5800c6311\"><strong>No es posible aprender todo\u2026<br>Ni dominar todas las materias\u2026<br>Ni hablar todos los idiomas\u2026<br>Ni entender todos los conceptos\u2026<br>Ni empatizar con todos los hombres\u2026<br>Ni acabar con tanta miseria a nuestro alrededor\u2026<\/strong><\/p>\n\n\n\n<p class=\"has-ast-global-color-0-color has-text-color has-link-color has-medium-font-size wp-elements-26f75b27d1967750b8ca4fa267e59612\"><strong>Al menos no hoy.<\/strong><\/p>\n\n\n\n<p class=\"has-ast-global-color-0-color has-text-color has-link-color has-medium-font-size wp-elements-cda56b792cc220551fd1919141f03547\"><strong>Pero s\u00ed es posible aprender \u201cbien\u201d algo\u2026<br>Ser \u00abbueno\u00bb en una materia determinada\u2026<br>\u00abHacerte comprender\u00bb, aunque solo sea en un idioma\u2026<br>Cimentar tu vida en pocos y fiables \u00abconceptos\u00bb\u2026<br>\u00abSonre\u00edr y llorar\u00bb con los que viajan a tu lado\u2026<br>Y \u00abremediar\u00bb la miseria de quien se cruza en tu camino\u2026<\/strong><\/p>\n\n\n\n<p class=\"has-ast-global-color-0-color has-text-color has-link-color has-medium-font-size wp-elements-61e7bcd4e89625d5d8c1a4500dc016af\"><strong>Eso s\u00ed podemos hacerlo.<br>Y eso es lo que queremos hacer y ser en Wawitai.<\/strong><\/p>\n<\/div>\n\n\n\n<div class=\"wp-block-uagb-container uagb-block-6f4b31c1\"><\/div>\n<\/div>\n\n\n\n<div class=\"wp-block-uagb-container uagb-block-b96f161a\">\n<p class=\"has-vivid-cyan-blue-color has-text-color has-link-color has-medium-font-size wp-elements-2e36e8bee67bb2bc34dc58ef7cadb9a2\"><strong>Es por la barbarie, la injusticia, el ansia de poder y la depravaci\u00f3n por parte de personas, gobiernos y entidades de todo nombre y apellido, que ingentes cantidades de seres humanos se ven abocados a un futuro demoledor en campos de refugiados o guetos de todo tipo. Han de vagar y buscarse la vida sin recurso alguno, aceptar condiciones de vida indignas de tal calificaci\u00f3n&#8230;<\/strong><\/p>\n\n\n\n<p class=\"has-vivid-cyan-blue-color has-text-color has-link-color has-medium-font-size wp-elements-78a9e3bdd67a9576561f788e8e7fb738\"><strong> Y lo peor de todo&#8230; Un gran n\u00famero son ni\u00f1os peque\u00f1os, que observan su futuro sin esperanza desde un presente aterrador\u2026<\/strong><\/p>\n\n\n\n<p class=\"has-vivid-cyan-blue-color has-text-color has-link-color has-medium-font-size wp-elements-a60de9aecbaccb3659d2e8c2b0f3165c\"><strong>Queremos ser efectivos y eficientes en la soluci\u00f3n de las necesidades que afectan a parte de \u00e9stos ni\u00f1os. La parte que est\u00e1 en nuestras manos\u2026<\/strong><\/p>\n\n\n\n<p class=\"has-vivid-cyan-blue-color has-text-color has-link-color has-medium-font-size wp-elements-207e528e6f3ce44520b704ac2770b554\"><strong>Queremos hacernos entender por ellos y por todos vosotros, en el \u00fanico idioma posible: el que se habla con el coraz\u00f3n; el que habla de cari\u00f1o, trabajo y esperanza\u2026<\/strong><\/p>\n\n\n\n<p class=\"has-vivid-cyan-blue-color has-text-color has-link-color has-medium-font-size wp-elements-3e9ff314476e73f9d3b92d2a52054abf\"><strong>Cada uno de nosotros sabemos cu\u00e1n profundos y de qu\u00e9 material est\u00e1n hechos nuestros cimientos, pero debemos ser conscientes de que, cuando a dichos cimientos se les despoja de nombres y apellidos, y de las capas de pintura con que a menudo los pintamos, son muy parecidos los que sustentan a todos y cada uno de los seres humanos.  Solo una naci\u00f3n es posible bajo el nombre de \u00abTierra\u00bb. Una naci\u00f3n donde \u00abEL AMOR\u00bb, sin apellido, sea el hormig\u00f3n que aglutine los cimientos de todos los que siguen en pie, d\u00eda tras d\u00eda,  luchando contra el  tsunami de tanta falacia como nos acompa\u00f1a por todos lados\u2026<\/strong><\/p>\n\n\n\n<p class=\"has-vivid-cyan-blue-color has-text-color has-link-color has-medium-font-size wp-elements-ddc65d954a444376df4e232798c5d5ca\"><strong>Por eso queremos sonre\u00edr con las alegr\u00edas y llorar con las penas,  de quienes su mayor pena es ser consciente de la injusticia, y su mayor alegr\u00eda tratar de ponerle remedio de alguna manera\u2026  <\/strong><\/p>\n\n\n\n<p class=\"has-vivid-cyan-blue-color has-text-color has-link-color has-medium-font-size wp-elements-42af23eaae500e1a5a35c3a34c06c897\"><strong>Sabemos que somos una gota de agua en el mayor de los desiertos, pero el que \u00e9sa gota se mantenga ah\u00ed, es la esperanza que nos anima y nos confirma que otro futuro es posible para todos\u2026  Tanto para ellos como para nosotros\u2026<\/strong><\/p>\n\n\n\n<p class=\"has-text-align-left has-vivid-cyan-blue-color has-text-color has-link-color has-medium-font-size wp-elements-3d8010c7a37f2af7a80e9eee4d8d7f88\"><strong>Queridos asociados de Wawitai\u2026 <br>No podemos hacer m\u00e1s, pero nos baste con saber que: \u00a1No podemos hacer menos\u2026!<\/strong><\/p>\n\n\n\n<p class=\"has-vivid-cyan-blue-color has-text-color has-link-color has-medium-font-size wp-elements-6acd93a6e37b087cb5d359456c0104e5\"><strong>Un fuerte abrazo para todos y que \u201cEl Amor nos bendiga\u201d<\/strong><\/p>\n<\/div>\n<\/div><\/div>\n\n\n\n<div style=\"height:100px\" aria-hidden=\"true\" class=\"wp-block-spacer\"><\/div>\n","protected":false},"excerpt":{"rendered":"<p>\u00bfPor qu\u00e9 WAWITAI&#8230;? No es posible aprender todo\u2026Ni dominar todas las materias\u2026Ni hablar todos los idiomas\u2026Ni entender todos los conceptos\u2026Ni [&hellip;]<\/p>\n","protected":false},"author":4,"featured_media":2301,"parent":0,"menu_order":0,"comment_status":"closed","ping_status":"closed","template":"","meta":{"_uag_custom_page_level_css":"","site-sidebar-layout":"default","site-content-layout":"","ast-site-content-layout":"","site-content-style":"default","site-sidebar-style":"default","ast-global-header-display":"","ast-banner-title-visibility":"","ast-main-header-display":"","ast-hfb-above-header-display":"","ast-hfb-below-header-display":"","ast-hfb-mobile-header-display":"","site-post-title":"disabled","ast-breadcrumbs-content":"","ast-featured-img":"","footer-sml-layout":"","theme-transparent-header-meta":"","adv-header-id-meta":"","stick-header-meta":"","header-above-stick-meta":"","header-main-stick-meta":"","header-below-stick-meta":"","astra-migrate-meta-layouts":"default","ast-page-background-enabled":"default","ast-page-background-meta":{"desktop":{"background-color":"var(--ast-global-color-4)","background-image":"","background-repeat":"repeat","background-position":"center center","background-size":"auto","background-attachment":"scroll","background-type":"","background-media":"","overlay-type":"","overlay-color":"","overlay-gradient":""},"tablet":{"background-color":"","background-image":"","background-repeat":"repeat","background-position":"center center","background-size":"auto","background-attachment":"scroll","background-type":"","background-media":"","overlay-type":"","overlay-color":"","overlay-gradient":""},"mobile":{"background-color":"","background-image":"","background-repeat":"repeat","background-position":"center center","background-size":"auto","background-attachment":"scroll","background-type":"","background-media":"","overlay-type":"","overlay-color":"","overlay-gradient":""}},"ast-content-background-meta":{"desktop":{"background-color":"var(--ast-global-color-5)","background-image":"","background-repeat":"repeat","background-position":"center center","background-size":"auto","background-attachment":"scroll","background-type":"","background-media":"","overlay-type":"","overlay-color":"","overlay-gradient":""},"tablet":{"background-color":"var(--ast-global-color-5)","background-image":"","background-repeat":"repeat","background-position":"center center","background-size":"auto","background-attachment":"scroll","background-type":"","background-media":"","overlay-type":"","overlay-color":"","overlay-gradient":""},"mobile":{"background-color":"var(--ast-global-color-5)","background-image":"","background-repeat":"repeat","background-position":"center center","background-size":"auto","background-attachment":"scroll","background-type":"","background-media":"","overlay-type":"","overlay-color":"","overlay-gradient":""}},"footnotes":""},"class_list":["post-2012","page","type-page","status-publish","has-post-thumbnail","hentry"],"uagb_featured_image_src":{"full":["https:\/\/asociacionwawitai.org\/wp-content\/uploads\/2024\/02\/01_2016_Enero_01-copia.jpg",7016,3213,false],"thumbnail":["https:\/\/asociacionwawitai.org\/wp-content\/uploads\/2024\/02\/01_2016_Enero_01-copia-150x150.jpg",150,150,true],"medium":["https:\/\/asociacionwawitai.org\/wp-content\/uploads\/2024\/02\/01_2016_Enero_01-copia-300x137.jpg",300,137,true],"medium_large":["https:\/\/asociacionwawitai.org\/wp-content\/uploads\/2024\/02\/01_2016_Enero_01-copia-768x352.jpg",768,352,true],"large":["https:\/\/asociacionwawitai.org\/wp-content\/uploads\/2024\/02\/01_2016_Enero_01-copia-1024x469.jpg",1024,469,true],"1536x1536":["https:\/\/asociacionwawitai.org\/wp-content\/uploads\/2024\/02\/01_2016_Enero_01-copia.jpg",1536,703,false],"2048x2048":["https:\/\/asociacionwawitai.org\/wp-content\/uploads\/2024\/02\/01_2016_Enero_01-copia.jpg",2048,938,false]},"uagb_author_info":{"display_name":"Giovanni","author_link":"https:\/\/asociacionwawitai.org\/?author=4"},"uagb_comment_info":0,"uagb_excerpt":"\u00bfPor qu\u00e9 WAWITAI&#8230;? No es posible aprender todo\u2026Ni dominar todas las materias\u2026Ni hablar todos los idiomas\u2026Ni entender todos los conceptos\u2026Ni [&hellip;]","_links":{"self":[{"href":"https:\/\/asociacionwawitai.org\/index.php?rest_route=\/wp\/v2\/pages\/2012","targetHints":{"allow":["GET"]}}],"collection":[{"href":"https:\/\/asociacionwawitai.org\/index.php?rest_route=\/wp\/v2\/pages"}],"about":[{"href":"https:\/\/asociacionwawitai.org\/index.php?rest_route=\/wp\/v2\/types\/page"}],"author":[{"embeddable":true,"href":"https:\/\/asociacionwawitai.org\/index.php?rest_route=\/wp\/v2\/users\/4"}],"replies":[{"embeddable":true,"href":"https:\/\/asociacionwawitai.org\/index.php?rest_route=%2Fwp%2Fv2%2Fcomments&post=2012"}],"version-history":[{"count":13,"href":"https:\/\/asociacionwawitai.org\/index.php?rest_route=\/wp\/v2\/pages\/2012\/revisions"}],"predecessor-version":[{"id":3465,"href":"https:\/\/asociacionwawitai.org\/index.php?rest_route=\/wp\/v2\/pages\/2012\/revisions\/3465"}],"wp:featuredmedia":[{"embeddable":true,"href":"https:\/\/asociacionwawitai.org\/index.php?rest_route=\/wp\/v2\/media\/2301"}],"wp:attachment":[{"href":"https:\/\/asociacionwawitai.org\/index.php?rest_route=%2Fwp%2Fv2%2Fmedia&parent=2012"}],"curies":[{"name":"wp","href":"https:\/\/api.w.org\/{rel}","templated":true}]}}