{"id":2957,"date":"2024-03-20T08:48:46","date_gmt":"2024-03-20T07:48:46","guid":{"rendered":"https:\/\/asociacionwawitai.org\/?page_id=2957"},"modified":"2025-01-05T10:51:00","modified_gmt":"2025-01-05T09:51:00","slug":"malawi-becas","status":"publish","type":"page","link":"https:\/\/asociacionwawitai.org\/?page_id=2957","title":{"rendered":"MALAWI \u2013 Becas"},"content":{"rendered":"\n<div class=\"wp-block-uagb-container uagb-block-ad56ba49 alignfull uagb-is-root-container\"><div class=\"uagb-container-inner-blocks-wrap\">\n<div class=\"wp-block-uagb-advanced-heading uagb-block-89536b24\"><h1 class=\"uagb-heading-text\">Becas<\/h1><\/div>\n<\/div><\/div>\n\n\n\n<div class=\"wp-block-uagb-container uagb-block-3d250d7d alignfull uagb-is-root-container\"><div class=\"uagb-container-inner-blocks-wrap\">\n<div class=\"wp-block-uagb-container uagb-block-c7bd1c12\">\n<p class=\"has-text-align-center has-ast-global-color-5-color has-ast-global-color-0-background-color has-text-color has-background has-link-color has-medium-font-size wp-elements-0a18397a7d3090204c2dc050d7eebe05\"><strong>MALAWI \/ desde 1995<\/strong><\/p>\n\n\n\n<p>Programa de Becas para chic@s hu\u00e9rfan@s y sin medios en estudios de \u00faltimo curso de secundaria y&nbsp; acceso al Colegio de Formaci\u00f3n Profesional Don Juan Bosco de Lilongwe.<\/p>\n\n\n\n<div class=\"wp-block-uagb-buttons uagb-buttons__outer-wrap uagb-btn__default-btn uagb-btn-tablet__default-btn uagb-btn-mobile__default-btn uagb-block-da661877\"><div class=\"uagb-buttons__wrap uagb-buttons-layout-wrap\">\n<div class=\"wp-block-uagb-buttons-child uagb-buttons__outer-wrap uagb-block-c87f85a0 wp-block-button\"><div class=\"uagb-button__wrapper\"><a class=\"uagb-buttons-repeater wp-block-button__link\" aria-label=\"\" href=\"#\" rel=\"follow noopener\" target=\"_self\"><div class=\"uagb-button__link\">Ver<\/div><\/a><\/div><\/div>\n\n\n\n<div class=\"wp-block-uagb-buttons-child uagb-buttons__outer-wrap uagb-block-a7eb8ea5 wp-block-button\"><div class=\"uagb-button__wrapper\"><a class=\"uagb-buttons-repeater wp-block-button__link\" aria-label=\"\" href=\"#\" rel=\"follow noopener\" target=\"_self\"><div class=\"uagb-button__link\">Descargar<\/div><\/a><\/div><\/div>\n\n\n\n<div class=\"wp-block-uagb-buttons-child uagb-buttons__outer-wrap uagb-block-0f6e294e wp-block-button\" id=\"https:\/\/asociacionwawitai.org\/compartiendo\/\"><div class=\"uagb-button__wrapper\"><a class=\"uagb-buttons-repeater wp-block-button__link\" aria-label=\"\" href=\"https:\/\/asociacionwawitai.org\/compartiendo\/\" rel=\"follow noopener\" target=\"_blank\"><div class=\"uagb-button__link\">comparte&#8230;<\/div><\/a><\/div><\/div>\n<\/div><\/div>\n\n\n\n<div style=\"height:50px\" aria-hidden=\"true\" class=\"wp-block-spacer\"><\/div>\n\n\n\n<figure class=\"wp-block-gallery has-nested-images columns-4 is-cropped wp-block-gallery-1 is-layout-flex wp-block-gallery-is-layout-flex\">\n<figure class=\"wp-block-image size-large\"><a href=\"http:\/\/asociacionwawitai.org\/wp-content\/uploads\/2024\/02\/Chavales_01.jpg\"><img loading=\"lazy\" decoding=\"async\" width=\"1024\" height=\"768\" src=\"http:\/\/asociacionwawitai.org\/wp-content\/uploads\/2024\/02\/Chavales_01-1024x768.jpg\" alt=\"\" class=\"wp-image-2645\" srcset=\"https:\/\/asociacionwawitai.org\/wp-content\/uploads\/2024\/02\/Chavales_01-1024x768.jpg 1024w, https:\/\/asociacionwawitai.org\/wp-content\/uploads\/2024\/02\/Chavales_01-300x225.jpg 300w, https:\/\/asociacionwawitai.org\/wp-content\/uploads\/2024\/02\/Chavales_01-768x576.jpg 768w, https:\/\/asociacionwawitai.org\/wp-content\/uploads\/2024\/02\/Chavales_01-1x1.jpg 1w\" sizes=\"auto, (max-width: 1024px) 100vw, 1024px\" \/><\/a><figcaption class=\"wp-element-caption\">Chavales becados&#8230;<\/figcaption><\/figure>\n\n\n\n<figure class=\"wp-block-image size-large\"><a href=\"http:\/\/asociacionwawitai.org\/wp-content\/uploads\/2024\/02\/Cocina_01.jpg\"><img loading=\"lazy\" decoding=\"async\" width=\"1024\" height=\"682\" src=\"http:\/\/asociacionwawitai.org\/wp-content\/uploads\/2024\/02\/Cocina_01-1024x682.jpg\" alt=\"\" class=\"wp-image-2646\" srcset=\"https:\/\/asociacionwawitai.org\/wp-content\/uploads\/2024\/02\/Cocina_01-1024x682.jpg 1024w, https:\/\/asociacionwawitai.org\/wp-content\/uploads\/2024\/02\/Cocina_01-300x200.jpg 300w, https:\/\/asociacionwawitai.org\/wp-content\/uploads\/2024\/02\/Cocina_01-768x511.jpg 768w, https:\/\/asociacionwawitai.org\/wp-content\/uploads\/2024\/02\/Cocina_01-2x1.jpg 2w\" sizes=\"auto, (max-width: 1024px) 100vw, 1024px\" \/><\/a><figcaption class=\"wp-element-caption\">Cocina&#8230;<\/figcaption><\/figure>\n\n\n\n<figure class=\"wp-block-image size-large\"><a href=\"http:\/\/asociacionwawitai.org\/wp-content\/uploads\/2024\/02\/Confecci\u00f3n_01.jpg\"><img loading=\"lazy\" decoding=\"async\" width=\"1024\" height=\"682\" src=\"http:\/\/asociacionwawitai.org\/wp-content\/uploads\/2024\/02\/Confecci\u00f3n_01-1024x682.jpg\" alt=\"\" class=\"wp-image-2647\" srcset=\"https:\/\/asociacionwawitai.org\/wp-content\/uploads\/2024\/02\/Confecci\u00f3n_01-1024x682.jpg 1024w, https:\/\/asociacionwawitai.org\/wp-content\/uploads\/2024\/02\/Confecci\u00f3n_01-300x200.jpg 300w, https:\/\/asociacionwawitai.org\/wp-content\/uploads\/2024\/02\/Confecci\u00f3n_01-768x511.jpg 768w, https:\/\/asociacionwawitai.org\/wp-content\/uploads\/2024\/02\/Confecci\u00f3n_01-2x1.jpg 2w\" sizes=\"auto, (max-width: 1024px) 100vw, 1024px\" \/><\/a><figcaption class=\"wp-element-caption\">Corte y Confecci\u00f3n&#8230;<\/figcaption><\/figure>\n\n\n\n<figure class=\"wp-block-image size-large\"><a href=\"http:\/\/asociacionwawitai.org\/wp-content\/uploads\/2024\/02\/Construcci\u00f3n_01.jpg\"><img loading=\"lazy\" decoding=\"async\" width=\"1024\" height=\"768\" src=\"http:\/\/asociacionwawitai.org\/wp-content\/uploads\/2024\/02\/Construcci\u00f3n_01-1024x768.jpg\" alt=\"\" class=\"wp-image-2648\" srcset=\"https:\/\/asociacionwawitai.org\/wp-content\/uploads\/2024\/02\/Construcci\u00f3n_01-1024x768.jpg 1024w, https:\/\/asociacionwawitai.org\/wp-content\/uploads\/2024\/02\/Construcci\u00f3n_01-300x225.jpg 300w, https:\/\/asociacionwawitai.org\/wp-content\/uploads\/2024\/02\/Construcci\u00f3n_01-768x576.jpg 768w, https:\/\/asociacionwawitai.org\/wp-content\/uploads\/2024\/02\/Construcci\u00f3n_01-1x1.jpg 1w\" sizes=\"auto, (max-width: 1024px) 100vw, 1024px\" \/><\/a><figcaption class=\"wp-element-caption\">Construcci\u00f3n&#8230;<\/figcaption><\/figure>\n\n\n\n<figure class=\"wp-block-image size-large\"><a href=\"http:\/\/asociacionwawitai.org\/wp-content\/uploads\/2024\/02\/Mec\u00e1nicaAutomovil_02.jpg\"><img loading=\"lazy\" decoding=\"async\" width=\"1024\" height=\"682\" src=\"http:\/\/asociacionwawitai.org\/wp-content\/uploads\/2024\/02\/Mec\u00e1nicaAutomovil_02-1024x682.jpg\" alt=\"\" class=\"wp-image-2649\" srcset=\"https:\/\/asociacionwawitai.org\/wp-content\/uploads\/2024\/02\/Mec\u00e1nicaAutomovil_02-1024x682.jpg 1024w, https:\/\/asociacionwawitai.org\/wp-content\/uploads\/2024\/02\/Mec\u00e1nicaAutomovil_02-300x200.jpg 300w, https:\/\/asociacionwawitai.org\/wp-content\/uploads\/2024\/02\/Mec\u00e1nicaAutomovil_02-768x512.jpg 768w, https:\/\/asociacionwawitai.org\/wp-content\/uploads\/2024\/02\/Mec\u00e1nicaAutomovil_02-2x1.jpg 2w\" sizes=\"auto, (max-width: 1024px) 100vw, 1024px\" \/><\/a><figcaption class=\"wp-element-caption\">Mec\u00e1nica del Autom\u00f3vil&#8230;<\/figcaption><\/figure>\n\n\n\n<figure class=\"wp-block-image size-large\"><a href=\"http:\/\/asociacionwawitai.org\/wp-content\/uploads\/2024\/02\/Saneamiento_01.jpg\"><img loading=\"lazy\" decoding=\"async\" width=\"1024\" height=\"682\" src=\"http:\/\/asociacionwawitai.org\/wp-content\/uploads\/2024\/02\/Saneamiento_01-1024x682.jpg\" alt=\"\" class=\"wp-image-2650\" srcset=\"https:\/\/asociacionwawitai.org\/wp-content\/uploads\/2024\/02\/Saneamiento_01-1024x682.jpg 1024w, https:\/\/asociacionwawitai.org\/wp-content\/uploads\/2024\/02\/Saneamiento_01-300x200.jpg 300w, https:\/\/asociacionwawitai.org\/wp-content\/uploads\/2024\/02\/Saneamiento_01-768x511.jpg 768w, https:\/\/asociacionwawitai.org\/wp-content\/uploads\/2024\/02\/Saneamiento_01-2x1.jpg 2w\" sizes=\"auto, (max-width: 1024px) 100vw, 1024px\" \/><\/a><figcaption class=\"wp-element-caption\">Saneamiento&#8230;<\/figcaption><\/figure>\n\n\n\n<figure class=\"wp-block-image size-large\"><a href=\"http:\/\/asociacionwawitai.org\/wp-content\/uploads\/2024\/02\/D.Bosco_VistaA\u00e9rea_01.jpg\"><img loading=\"lazy\" decoding=\"async\" width=\"1024\" height=\"768\" src=\"http:\/\/asociacionwawitai.org\/wp-content\/uploads\/2024\/02\/D.Bosco_VistaA\u00e9rea_01-1024x768.jpg\" alt=\"\" class=\"wp-image-2651\" srcset=\"https:\/\/asociacionwawitai.org\/wp-content\/uploads\/2024\/02\/D.Bosco_VistaA\u00e9rea_01-1024x768.jpg 1024w, https:\/\/asociacionwawitai.org\/wp-content\/uploads\/2024\/02\/D.Bosco_VistaA\u00e9rea_01-300x225.jpg 300w, https:\/\/asociacionwawitai.org\/wp-content\/uploads\/2024\/02\/D.Bosco_VistaA\u00e9rea_01-768x576.jpg 768w, https:\/\/asociacionwawitai.org\/wp-content\/uploads\/2024\/02\/D.Bosco_VistaA\u00e9rea_01-1x1.jpg 1w\" sizes=\"auto, (max-width: 1024px) 100vw, 1024px\" \/><\/a><figcaption class=\"wp-element-caption\">Vista A\u00e9rea&#8230;<\/figcaption><\/figure>\n\n\n\n<figure class=\"wp-block-image size-large\"><a href=\"http:\/\/asociacionwawitai.org\/wp-content\/uploads\/2024\/02\/D.Bosco_02.jpg\"><img loading=\"lazy\" decoding=\"async\" width=\"1024\" height=\"683\" src=\"http:\/\/asociacionwawitai.org\/wp-content\/uploads\/2024\/02\/D.Bosco_02-1024x683.jpg\" alt=\"\" class=\"wp-image-2653\" srcset=\"https:\/\/asociacionwawitai.org\/wp-content\/uploads\/2024\/02\/D.Bosco_02-1024x683.jpg 1024w, https:\/\/asociacionwawitai.org\/wp-content\/uploads\/2024\/02\/D.Bosco_02-300x200.jpg 300w, https:\/\/asociacionwawitai.org\/wp-content\/uploads\/2024\/02\/D.Bosco_02-768x512.jpg 768w, https:\/\/asociacionwawitai.org\/wp-content\/uploads\/2024\/02\/D.Bosco_02-2x1.jpg 2w, https:\/\/asociacionwawitai.org\/wp-content\/uploads\/2024\/02\/D.Bosco_02.jpg 2048w\" sizes=\"auto, (max-width: 1024px) 100vw, 1024px\" \/><\/a><figcaption class=\"wp-element-caption\">Foto Alumnos&#8230;<\/figcaption><\/figure>\n<\/figure>\n<\/div>\n<\/div><\/div>\n","protected":false},"excerpt":{"rendered":"<p>Programa de Becas para chic@s hu\u00e9rfan@s y sin medios en estudios de \u00faltimo curso de secundaria y  acceso al Colegio de Formaci\u00f3n Profesional Don Juan Bosco de Lilongwe.<\/p>\n","protected":false},"author":1,"featured_media":1977,"parent":2087,"menu_order":0,"comment_status":"closed","ping_status":"closed","template":"","meta":{"_uag_custom_page_level_css":"","site-sidebar-layout":"default","site-content-layout":"","ast-site-content-layout":"","site-content-style":"default","site-sidebar-style":"default","ast-global-header-display":"","ast-banner-title-visibility":"","ast-main-header-display":"","ast-hfb-above-header-display":"","ast-hfb-below-header-display":"","ast-hfb-mobile-header-display":"","site-post-title":"","ast-breadcrumbs-content":"","ast-featured-img":"disabled","footer-sml-layout":"","theme-transparent-header-meta":"","adv-header-id-meta":"","stick-header-meta":"","header-above-stick-meta":"","header-main-stick-meta":"","header-below-stick-meta":"","astra-migrate-meta-layouts":"default","ast-page-background-enabled":"default","ast-page-background-meta":{"desktop":{"background-color":"var(--ast-global-color-4)","background-image":"","background-repeat":"repeat","background-position":"center center","background-size":"auto","background-attachment":"scroll","background-type":"","background-media":"","overlay-type":"","overlay-color":"","overlay-gradient":""},"tablet":{"background-color":"","background-image":"","background-repeat":"repeat","background-position":"center center","background-size":"auto","background-attachment":"scroll","background-type":"","background-media":"","overlay-type":"","overlay-color":"","overlay-gradient":""},"mobile":{"background-color":"","background-image":"","background-repeat":"repeat","background-position":"center center","background-size":"auto","background-attachment":"scroll","background-type":"","background-media":"","overlay-type":"","overlay-color":"","overlay-gradient":""}},"ast-content-background-meta":{"desktop":{"background-color":"var(--ast-global-color-5)","background-image":"","background-repeat":"repeat","background-position":"center center","background-size":"auto","background-attachment":"scroll","background-type":"","background-media":"","overlay-type":"","overlay-color":"","overlay-gradient":""},"tablet":{"background-color":"var(--ast-global-color-5)","background-image":"","background-repeat":"repeat","background-position":"center center","background-size":"auto","background-attachment":"scroll","background-type":"","background-media":"","overlay-type":"","overlay-color":"","overlay-gradient":""},"mobile":{"background-color":"var(--ast-global-color-5)","background-image":"","background-repeat":"repeat","background-position":"center center","background-size":"auto","background-attachment":"scroll","background-type":"","background-media":"","overlay-type":"","overlay-color":"","overlay-gradient":""}},"footnotes":""},"class_list":["post-2957","page","type-page","status-publish","has-post-thumbnail","hentry"],"uagb_featured_image_src":{"full":["https:\/\/asociacionwawitai.org\/wp-content\/uploads\/2024\/01\/MapasWebMalawi.jpg",4724,3575,false],"thumbnail":["https:\/\/asociacionwawitai.org\/wp-content\/uploads\/2024\/01\/MapasWebMalawi-150x150.jpg",150,150,true],"medium":["https:\/\/asociacionwawitai.org\/wp-content\/uploads\/2024\/01\/MapasWebMalawi-300x227.jpg",300,227,true],"medium_large":["https:\/\/asociacionwawitai.org\/wp-content\/uploads\/2024\/01\/MapasWebMalawi-768x581.jpg",768,581,true],"large":["https:\/\/asociacionwawitai.org\/wp-content\/uploads\/2024\/01\/MapasWebMalawi-1024x775.jpg",1024,775,true],"1536x1536":["https:\/\/asociacionwawitai.org\/wp-content\/uploads\/2024\/01\/MapasWebMalawi.jpg",1536,1162,false],"2048x2048":["https:\/\/asociacionwawitai.org\/wp-content\/uploads\/2024\/01\/MapasWebMalawi.jpg",2048,1550,false]},"uagb_author_info":{"display_name":"Wawitai","author_link":"https:\/\/asociacionwawitai.org\/?author=1"},"uagb_comment_info":0,"uagb_excerpt":"Programa de Becas para chic@s hu\u00e9rfan@s y sin medios en estudios de \u00faltimo curso de secundaria y acceso al Colegio de Formaci\u00f3n Profesional Don Juan Bosco de Lilongwe.","_links":{"self":[{"href":"https:\/\/asociacionwawitai.org\/index.php?rest_route=\/wp\/v2\/pages\/2957","targetHints":{"allow":["GET"]}}],"collection":[{"href":"https:\/\/asociacionwawitai.org\/index.php?rest_route=\/wp\/v2\/pages"}],"about":[{"href":"https:\/\/asociacionwawitai.org\/index.php?rest_route=\/wp\/v2\/types\/page"}],"author":[{"embeddable":true,"href":"https:\/\/asociacionwawitai.org\/index.php?rest_route=\/wp\/v2\/users\/1"}],"replies":[{"embeddable":true,"href":"https:\/\/asociacionwawitai.org\/index.php?rest_route=%2Fwp%2Fv2%2Fcomments&post=2957"}],"version-history":[{"count":5,"href":"https:\/\/asociacionwawitai.org\/index.php?rest_route=\/wp\/v2\/pages\/2957\/revisions"}],"predecessor-version":[{"id":3472,"href":"https:\/\/asociacionwawitai.org\/index.php?rest_route=\/wp\/v2\/pages\/2957\/revisions\/3472"}],"up":[{"embeddable":true,"href":"https:\/\/asociacionwawitai.org\/index.php?rest_route=\/wp\/v2\/pages\/2087"}],"wp:featuredmedia":[{"embeddable":true,"href":"https:\/\/asociacionwawitai.org\/index.php?rest_route=\/wp\/v2\/media\/1977"}],"wp:attachment":[{"href":"https:\/\/asociacionwawitai.org\/index.php?rest_route=%2Fwp%2Fv2%2Fmedia&parent=2957"}],"curies":[{"name":"wp","href":"https:\/\/api.w.org\/{rel}","templated":true}]}}